{"id":11,"date":"2019-11-19T21:32:29","date_gmt":"2019-11-19T21:32:29","guid":{"rendered":"https:\/\/www.rodolfogabriel.com\/?page_id=11"},"modified":"2024-11-07T12:15:52","modified_gmt":"2024-11-07T12:15:52","slug":"resume","status":"publish","type":"page","link":"https:\/\/rodolfogabriel.com\/pt\/resume","title":{"rendered":"Curr\u00edculo"},"content":{"rendered":"<div class=\"wp-block-columns is-layout-flex wp-container-core-columns-is-layout-1 wp-block-columns-is-layout-flex\">\n<div class=\"wp-block-column is-layout-flow wp-block-column-is-layout-flow\" style=\"flex-basis:27%\">\n<p><strong>Experi\u00eancia<\/strong><\/p>\n<\/div>\n\n\n\n<div class=\"wp-block-column is-layout-flow wp-block-column-is-layout-flow\" style=\"flex-basis:66.66%\">\n<p class=\"has-small-font-size\"><strong><a href=\"http:\/\/brandtellers.com\" target=\"_blank\" rel=\"noopener\" title=\"Brandtellers Studio\">Brandtellers Studio<\/a><\/strong><\/p>\n\n\n\n<p class=\"has-small-font-size\"><em>Head of Design<\/em><br>February 2024 &#8211; Current<br>Aveiro &#8211; Portugal<br><br>Respons\u00e1vel pelo departamento de design de uma ag\u00eancia criativa baseada em Aveiro, desenvolvendo campanhas de design para marcas como Carglass, American Tourister entre outras.<\/p>\n\n\n\n<p class=\"has-small-font-size\"><strong><a href=\"https:\/\/www.auratus.pt\" target=\"_blank\" rel=\"noreferrer noopener\">Auratus Creative Studio<\/a><\/strong><br><em>Designer Digital<\/em><br>July 2021 &#8211; August 2022<br>Aveiro &#8211; Portugal<br><br>Trabalhei como Designer Digital num est\u00fadio criativo desenvolvendo projetos de Web Design, 3D, Design UI, Design Gr\u00e1fico, Cria\u00e7\u00e3o de conte\u00fado digital e edi\u00e7\u00e3o de v\u00eddeo\/fotografia.<\/p>\n\n\n\n<p class=\"has-small-font-size\"><a href=\"https:\/\/www.yasom.org\/yeni\/\" target=\"_blank\" rel=\"noreferrer noopener\"><strong>En\u00fcstkat Interactive &#8211; EUK<\/strong><\/a><br><em>Designer Digital<br><\/em>March 2020 &#8211; June 2021<br>Istanbul - Turquia<br><br>Designer Digital para uma ag\u00eancia criativa sediada em Istanbul - Turquia, respons\u00e1vel pela publicidade e promo\u00e7\u00f5es visuais de diversas entidades internacionais tais como, Zurich Seguros, Banco TEB, Zorlu Energia, entre outros. O meu papel na ag\u00eancia definiu-se pelo trabalho 3D (conceito e desenvolvimento), projetos arduinos, Motion Design e edi\u00e7\u00e3o de v\u00eddeo bem como conte\u00fado para redes sociais.<\/p>\n\n\n\n<p class=\"has-small-font-size\"><strong><a href=\"https:\/\/www.auratus.pt\" target=\"_blank\" rel=\"noreferrer noopener\">Auratus Creative Studio<\/a><\/strong><br><em>Designer Gr\u00e1fico<\/em><br>Fevereiro 2019 - Mar\u00e7o 2020<br>Aveiro &#8211; Portugal<br><br>Trabalhei como Designer Digital num est\u00fadio criativo desenvolvendo projetos de Web Design, 3D, Design UI, Design Gr\u00e1fico, Cria\u00e7\u00e3o de conte\u00fado digital e edi\u00e7\u00e3o de v\u00eddeo\/fotografia.<\/p>\n\n\n\n<p class=\"has-small-font-size\"><strong><a href=\"https:\/\/www.enustkat.com.tr\/tr\" target=\"_blank\" rel=\"noreferrer noopener\">En\u00fcstkat Interactive &#8211; EUK<\/a><\/strong><br>Junior <em>Designer Digital<\/em><br>Maio 2018 - Janeiro 2019<br>Istanbul - Turquia<br><br>Designer Digital para uma ag\u00eancia criativa sediada em Istanbul - Turquia, respons\u00e1vel pela publicidade e promo\u00e7\u00f5es visuais de diversas entidades internacionais tais como, Zurich Seguros, Banco TEB, Zorlu Energia, entre outros. O meu papel na ag\u00eancia definiu-se pelo trabalho 3D (conceito e desenvolvimento), projetos arduinos, Motion Design e edi\u00e7\u00e3o de v\u00eddeo bem como conte\u00fado para redes sociais.<\/p>\n<\/div>\n<\/div>\n\n\n\n<hr class=\"wp-block-separator has-css-opacity is-style-wide\"\/>\n\n\n\n<div class=\"wp-block-columns is-layout-flex wp-container-core-columns-is-layout-2 wp-block-columns-is-layout-flex\">\n<div class=\"wp-block-column is-layout-flow wp-block-column-is-layout-flow\" style=\"flex-basis:33.33%\">\n<p><strong>Educa\u00e7\u00e3o<\/strong><\/p>\n<\/div>\n\n\n\n<div class=\"wp-block-column is-layout-flow wp-block-column-is-layout-flow\" style=\"flex-basis:66.66%\">\n<p class=\"has-small-font-size\"><strong>Artes Pl\u00e1sticas e Multim\u00e9dia\/\/ <\/strong><br><strong>Licenciatura - 3.34 (Estudante Honor\u00e1rio)<\/strong><br>Escola Superior de Educa\u00e7\u00e3o de Viseu<br>Viseu, Portugal<br>2014-2017<br><br>Design Gr\u00e1fico, 3D, Anima\u00e7\u00e3o, Edi\u00e7\u00e3o e Produ\u00e7\u00e3o de V\u00eddeo, Design Web, Coding, Arduino, Unreal Engine, Ilustra\u00e7\u00e3o Digital<\/p>\n\n\n\n<p class=\"has-small-font-size\"><strong>Comunica\u00e7\u00e3o Digital e Multim\u00e9dia\/\/ <\/strong><br><strong>Erasmus Licenciatura - 3.2 (Estudante Honor\u00e1rio)<br><\/strong>Universidade de Marmara<br>Istanbul - Turquia<br>2016<br><br>Per\u00edodo de mobilidade Erasmus. Ilustra\u00e7\u00e3o, Desenvolvimento de conte\u00fado de redes sociais, Marketing Digital, Fotografia, Design UI\/UX<\/p>\n\n\n\n<p class=\"has-small-font-size\"><strong>Design Gr\u00e1fico\/\/ <\/strong><br><strong>Curso T\u00e9cnico Profissional - 18<br><\/strong>Escola Art\u00edstica e Profissional \u00c1rvore<br>Porto &#8211; Portugal<br>2011-2014<br><br>Designer Gr\u00e1fico, Fotografia Digital, Fotografia Anal\u00f3gica, Projeto art\u00edstico, Branding, Design de Poster, Design Web<\/p>\n<\/div>\n<\/div>\n\n\n\n<hr class=\"wp-block-separator has-css-opacity is-style-wide\"\/>\n\n\n\n<div class=\"wp-block-columns is-layout-flex wp-container-core-columns-is-layout-3 wp-block-columns-is-layout-flex\">\n<div class=\"wp-block-column is-layout-flow wp-block-column-is-layout-flow\" style=\"flex-basis:33.33%\">\n<p class=\"has-regular-font-size\"><strong>L\u00ednguas<\/strong><\/p>\n<\/div>\n\n\n\n<div class=\"wp-block-column is-layout-flow wp-block-column-is-layout-flow\" style=\"flex-basis:66.66%\">\n<p class=\"has-small-font-size\"><strong>Portugu\u00eas\/\/<\/strong> Nativo<br><strong>Ingl\u00eas\/\/<\/strong> Profici\u00eancia Profissional<br><strong>Espanhol\/\/<\/strong> Profici\u00eancia de Trabalho<br><strong>Turco\/\/<\/strong> Profici\u00eancia B\u00e1sica<\/p>\n<\/div>\n<\/div>\n\n\n\n<hr class=\"wp-block-separator has-css-opacity is-style-wide\"\/>\n\n\n\n<div class=\"wp-block-columns is-layout-flex wp-container-core-columns-is-layout-4 wp-block-columns-is-layout-flex\">\n<div class=\"wp-block-column is-layout-flow wp-block-column-is-layout-flow\" style=\"flex-basis:33.33%\">\n<p><strong>Certificados<\/strong><\/p>\n<\/div>\n\n\n\n<div class=\"wp-block-column is-layout-flow wp-block-column-is-layout-flow\" style=\"flex-basis:66.66%\">\n<p class=\"has-small-font-size\"><strong>Experi\u00eancia de Desenvolvimento de Lideran\u00e7a AIESEC<\/strong><br>Emitido em Setembro 2017<br>ID Cred\u00eancias 3320662<br><br>Criador de conte\u00fado e fotogr\u00e1fo para uma empresa de t\u00eaxtil militar sediada em Istanbul - Turquia.<\/p>\n\n\n\n<p class=\"has-small-font-size\"><strong>Certificado de Ingl\u00eas EFSET<\/strong><br>Resultado: 73\/100<br>Proficiente (CEFR C2)<\/p>\n<\/div>\n<\/div>\n\n\n\n<hr class=\"wp-block-separator has-css-opacity is-style-wide\"\/>\n\n\n\n<div class=\"wp-block-columns is-layout-flex wp-container-core-columns-is-layout-5 wp-block-columns-is-layout-flex\">\n<div class=\"wp-block-column is-layout-flow wp-block-column-is-layout-flow\" style=\"flex-basis:33.33%\">\n<p class=\"has-regular-font-size\"><strong>Software<\/strong><\/p>\n<\/div>\n\n\n\n<div class=\"wp-block-column is-layout-flow wp-block-column-is-layout-flow\" style=\"flex-basis:66.66%\">\n<p class=\"has-small-font-size\">Adobe Photoshop<br>Adobe Illustrator<br>Adobe InDesign<br>Adobe Premiere<br>Adobe After Effects<br> Adobe Lightroom<br>Figma<br>Canva <br>Final Cut Pro<br>Cinema 4D<br>Blender<br>Unreal Engine<br>HTML\/CSS<\/p>\n<\/div>\n<\/div>\n\n\n\n<hr class=\"wp-block-separator has-css-opacity is-style-wide\"\/>\n\n\n\n<div class=\"wp-block-columns is-layout-flex wp-container-core-columns-is-layout-6 wp-block-columns-is-layout-flex\">\n<div class=\"wp-block-column is-layout-flow wp-block-column-is-layout-flow\" style=\"flex-basis:33.33%\">\n<p><strong>Habilidades Interpessoais<\/strong><\/p>\n<\/div>\n\n\n\n<div class=\"wp-block-column is-layout-flow wp-block-column-is-layout-flow\" style=\"flex-basis:66.66%\">\n<p class=\"has-small-font-size\">Criativo<br>Comunicativo<br>Atento aos detalhes<br>Design<br>Multitasking<br>Resolu\u00e7\u00e3o de Problemas<br>Trabalho em Equipa<br>Gerenciamento de tempo<br>DIY<br>Habilidade de trabalhar sobre press\u00e3o<br>Determinado<\/p>\n<\/div>\n<\/div>\n\n\n\n<div class=\"wp-block-file\"><a id=\"wp-block-file--media-4fb1dabb-0e68-4688-95da-581d42b07a97\" href=\"https:\/\/rodolfogabriel.com\/wp-content\/uploads\/2024\/11\/CV_RodolfoGabriel_EN.pdf\">You can have a look at my CV<\/a><a href=\"https:\/\/rodolfogabriel.com\/wp-content\/uploads\/2024\/11\/CV_RodolfoGabriel_EN.pdf\" class=\"wp-block-file__button wp-element-button\" download aria-describedby=\"wp-block-file--media-4fb1dabb-0e68-4688-95da-581d42b07a97\">Download<\/a><\/div>\n\n\n\n<h3 class=\"wp-block-heading has-text-align-left\"><strong><a href=\"https:\/\/rodolfogabriel.com\/pt\/contact\/\">Deseja saber mais sobre mim? Entre em contato comigo!<\/a><\/strong><\/h3>\n\n\n\n<p><\/p>","protected":false},"excerpt":{"rendered":"<p>Experience Brandtellers Studio Head of DesignFebruary 2024 &#8211; CurrentAveiro &#8211; Portugal Head of Design for a portuguese creative studio in charge of design department developing designs for marketing and sales campaigns in brands such as Carglass, American Tourister, among others. Auratus Creative StudioDigital DesignerJuly 2021 &#8211; August 2022Aveiro &#8211; Portugal Digital Designer in a Portuguese [&hellip;]<\/p>","protected":false},"author":1,"featured_media":0,"parent":0,"menu_order":3,"comment_status":"closed","ping_status":"closed","template":"resume-page-template.php","meta":{"_monsterinsights_skip_tracking":false,"_monsterinsights_sitenote_active":false,"_monsterinsights_sitenote_note":"","_monsterinsights_sitenote_category":0,"_uf_show_specific_survey":0,"_uf_disable_surveys":false,"footnotes":""},"class_list":["post-11","page","type-page","status-publish","hentry","missing-thumbnail"],"aioseo_notices":[],"_links":{"self":[{"href":"https:\/\/rodolfogabriel.com\/pt\/wp-json\/wp\/v2\/pages\/11"}],"collection":[{"href":"https:\/\/rodolfogabriel.com\/pt\/wp-json\/wp\/v2\/pages"}],"about":[{"href":"https:\/\/rodolfogabriel.com\/pt\/wp-json\/wp\/v2\/types\/page"}],"author":[{"embeddable":true,"href":"https:\/\/rodolfogabriel.com\/pt\/wp-json\/wp\/v2\/users\/1"}],"replies":[{"embeddable":true,"href":"https:\/\/rodolfogabriel.com\/pt\/wp-json\/wp\/v2\/comments?post=11"}],"version-history":[{"count":13,"href":"https:\/\/rodolfogabriel.com\/pt\/wp-json\/wp\/v2\/pages\/11\/revisions"}],"predecessor-version":[{"id":875,"href":"https:\/\/rodolfogabriel.com\/pt\/wp-json\/wp\/v2\/pages\/11\/revisions\/875"}],"wp:attachment":[{"href":"https:\/\/rodolfogabriel.com\/pt\/wp-json\/wp\/v2\/media?parent=11"}],"curies":[{"name":"wp","href":"https:\/\/api.w.org\/{rel}","templated":true}]}}

Currículo

<div class="wp-block-columns is-layout-flex wp-container-core-columns-is-layout-1 wp-block-columns-is-layout-flex">
<div class="wp-block-column is-layout-flow wp-block-column-is-layout-flow" style="flex-basis:27%">
<p><strong>Experiência</strong></p>
</div>



<div class="wp-block-column is-layout-flow wp-block-column-is-layout-flow" style="flex-basis:66.66%">
<p class="has-small-font-size"><strong><a href="http://brandtellers.com" target="_blank" rel="noopener" title="Brandtellers Studio">Brandtellers Studio</a></strong></p>



<p class="has-small-font-size"><em>Head of Design</em><br>February 2024 &#8211; Current<br>Aveiro &#8211; Portugal<br><br>Responsável pelo departamento de design de uma agência criativa baseada em Aveiro, desenvolvendo campanhas de design para marcas como Carglass, American Tourister entre outras.</p>



<p class="has-small-font-size"><strong><a href="https://www.auratus.pt" target="_blank" rel="noreferrer noopener">Auratus Creative Studio</a></strong><br><em>Designer Digital</em><br>July 2021 &#8211; August 2022<br>Aveiro &#8211; Portugal<br><br>Trabalhei como Designer Digital num estúdio criativo desenvolvendo projetos de Web Design, 3D, Design UI, Design Gráfico, Criação de conteúdo digital e edição de vídeo/fotografia.</p>



<p class="has-small-font-size"><a href="https://www.yasom.org/yeni/" target="_blank" rel="noreferrer noopener"><strong>Enüstkat Interactive &#8211; EUK</strong></a><br><em>Designer Digital<br></em>March 2020 &#8211; June 2021<br>Istanbul - Turquia<br><br>Designer Digital para uma agência criativa sediada em Istanbul - Turquia, responsável pela publicidade e promoções visuais de diversas entidades internacionais tais como, Zurich Seguros, Banco TEB, Zorlu Energia, entre outros. O meu papel na agência definiu-se pelo trabalho 3D (conceito e desenvolvimento), projetos arduinos, Motion Design e edição de vídeo bem como conteúdo para redes sociais.</p>



<p class="has-small-font-size"><strong><a href="https://www.auratus.pt" target="_blank" rel="noreferrer noopener">Auratus Creative Studio</a></strong><br><em>Designer Gráfico</em><br>Fevereiro 2019 - Março 2020<br>Aveiro &#8211; Portugal<br><br>Trabalhei como Designer Digital num estúdio criativo desenvolvendo projetos de Web Design, 3D, Design UI, Design Gráfico, Criação de conteúdo digital e edição de vídeo/fotografia.</p>



<p class="has-small-font-size"><strong><a href="https://www.enustkat.com.tr/tr" target="_blank" rel="noreferrer noopener">Enüstkat Interactive &#8211; EUK</a></strong><br>Junior <em>Designer Digital</em><br>Maio 2018 - Janeiro 2019<br>Istanbul - Turquia<br><br>Designer Digital para uma agência criativa sediada em Istanbul - Turquia, responsável pela publicidade e promoções visuais de diversas entidades internacionais tais como, Zurich Seguros, Banco TEB, Zorlu Energia, entre outros. O meu papel na agência definiu-se pelo trabalho 3D (conceito e desenvolvimento), projetos arduinos, Motion Design e edição de vídeo bem como conteúdo para redes sociais.</p>
</div>
</div>



<hr class="wp-block-separator has-css-opacity is-style-wide"/>



<div class="wp-block-columns is-layout-flex wp-container-core-columns-is-layout-2 wp-block-columns-is-layout-flex">
<div class="wp-block-column is-layout-flow wp-block-column-is-layout-flow" style="flex-basis:33.33%">
<p><strong>Educação</strong></p>
</div>



<div class="wp-block-column is-layout-flow wp-block-column-is-layout-flow" style="flex-basis:66.66%">
<p class="has-small-font-size"><strong>Artes Plásticas e Multimédia// </strong><br><strong>Licenciatura - 3.34 (Estudante Honorário)</strong><br>Escola Superior de Educação de Viseu<br>Viseu, Portugal<br>2014-2017<br><br>Design Gráfico, 3D, Animação, Edição e Produção de Vídeo, Design Web, Coding, Arduino, Unreal Engine, Ilustração Digital</p>



<p class="has-small-font-size"><strong>Comunicação Digital e Multimédia// </strong><br><strong>Erasmus Licenciatura - 3.2 (Estudante Honorário)<br></strong>Universidade de Marmara<br>Istanbul - Turquia<br>2016<br><br>Período de mobilidade Erasmus. Ilustração, Desenvolvimento de conteúdo de redes sociais, Marketing Digital, Fotografia, Design UI/UX</p>



<p class="has-small-font-size"><strong>Design Gráfico// </strong><br><strong>Curso Técnico Profissional - 18<br></strong>Escola Artística e Profissional Árvore<br>Porto &#8211; Portugal<br>2011-2014<br><br>Designer Gráfico, Fotografia Digital, Fotografia Analógica, Projeto artístico, Branding, Design de Poster, Design Web</p>
</div>
</div>



<hr class="wp-block-separator has-css-opacity is-style-wide"/>



<div class="wp-block-columns is-layout-flex wp-container-core-columns-is-layout-3 wp-block-columns-is-layout-flex">
<div class="wp-block-column is-layout-flow wp-block-column-is-layout-flow" style="flex-basis:33.33%">
<p class="has-regular-font-size"><strong>Línguas</strong></p>
</div>



<div class="wp-block-column is-layout-flow wp-block-column-is-layout-flow" style="flex-basis:66.66%">
<p class="has-small-font-size"><strong>Português//</strong> Nativo<br><strong>Inglês//</strong> Proficiência Profissional<br><strong>Espanhol//</strong> Proficiência de Trabalho<br><strong>Turco//</strong> Proficiência Básica</p>
</div>
</div>



<hr class="wp-block-separator has-css-opacity is-style-wide"/>



<div class="wp-block-columns is-layout-flex wp-container-core-columns-is-layout-4 wp-block-columns-is-layout-flex">
<div class="wp-block-column is-layout-flow wp-block-column-is-layout-flow" style="flex-basis:33.33%">
<p><strong>Certificados</strong></p>
</div>



<div class="wp-block-column is-layout-flow wp-block-column-is-layout-flow" style="flex-basis:66.66%">
<p class="has-small-font-size"><strong>Experiência de Desenvolvimento de Liderança AIESEC</strong><br>Emitido em Setembro 2017<br>ID Credências 3320662<br><br>Criador de conteúdo e fotográfo para uma empresa de têxtil militar sediada em Istanbul - Turquia.</p>



<p class="has-small-font-size"><strong>Certificado de Inglês EFSET</strong><br>Resultado: 73/100<br>Proficiente (CEFR C2)</p>
</div>
</div>



<hr class="wp-block-separator has-css-opacity is-style-wide"/>



<div class="wp-block-columns is-layout-flex wp-container-core-columns-is-layout-5 wp-block-columns-is-layout-flex">
<div class="wp-block-column is-layout-flow wp-block-column-is-layout-flow" style="flex-basis:33.33%">
<p class="has-regular-font-size"><strong>Software</strong></p>
</div>



<div class="wp-block-column is-layout-flow wp-block-column-is-layout-flow" style="flex-basis:66.66%">
<p class="has-small-font-size">Adobe Photoshop<br>Adobe Illustrator<br>Adobe InDesign<br>Adobe Premiere<br>Adobe After Effects<br> Adobe Lightroom<br>Figma<br>Canva <br>Final Cut Pro<br>Cinema 4D<br>Blender<br>Unreal Engine<br>HTML/CSS</p>
</div>
</div>



<hr class="wp-block-separator has-css-opacity is-style-wide"/>



<div class="wp-block-columns is-layout-flex wp-container-core-columns-is-layout-6 wp-block-columns-is-layout-flex">
<div class="wp-block-column is-layout-flow wp-block-column-is-layout-flow" style="flex-basis:33.33%">
<p><strong>Habilidades Interpessoais</strong></p>
</div>



<div class="wp-block-column is-layout-flow wp-block-column-is-layout-flow" style="flex-basis:66.66%">
<p class="has-small-font-size">Criativo<br>Comunicativo<br>Atento aos detalhes<br>Design<br>Multitasking<br>Resolução de Problemas<br>Trabalho em Equipa<br>Gerenciamento de tempo<br>DIY<br>Habilidade de trabalhar sobre pressão<br>Determinado</p>
</div>
</div>



<div class="wp-block-file"><a id="wp-block-file--media-4fb1dabb-0e68-4688-95da-581d42b07a97" href="https://rodolfogabriel.com/wp-content/uploads/2024/11/CV_RodolfoGabriel_EN.pdf">You can have a look at my CV</a><a href="https://rodolfogabriel.com/wp-content/uploads/2024/11/CV_RodolfoGabriel_EN.pdf" class="wp-block-file__button wp-element-button" download aria-describedby="wp-block-file--media-4fb1dabb-0e68-4688-95da-581d42b07a97">Download</a></div>



<h3 class="wp-block-heading has-text-align-left"><strong><a href="https://rodolfogabriel.com/pt/contact/">Deseja saber mais sobre mim? Entre em contato comigo!</a></strong></h3>



<p></p>
